e 4*q = 2*q - 4*i + 384, -3*i + 753 = 4*q. What is the hundreds digit of q?
1
Let s be 6/9*-6 + 2. Let d = s - -16. What is the tens digit of d?
1
Suppose -4*m = -2*m - 174. Suppose 0*l + 9 = -3*l, -4*l = -5*x + m. What is the units digit of x?
5
Suppose -4*a = 5*v + 5, -3*a = -4*v + 14 + 13. What is the units digit of v?
3
Let b = -269 - -509. What is the tens digit of b?
4
Let n(b) be the second derivative of b**4/12 - 5*b**3/6 - b**2/2 - 3*b. Let j be n(6). Suppose j*h = -15 + 70. What is the units digit of h?
1
Suppose -a + 8 - 3 = 0. Suppose -2*w = w + 3*f - 24, a*f - 18 = -3*w. What is the units digit of w?
1
Suppose k = -19 - 17. What is the units digit of (k/60)/(1/(-15))?
9
Suppose -19*d + 24*d - 490 = 0. What is the units digit of d?
8
What is the units digit of (-26)/10 - -2 - (-183)/5?
6
Suppose -2*p - 2 + 8 = 0, -2*p = -q + 1. Let h(f) = -5*f**2 + 4*f**3 + f + 2 - q*f - 3*f**3. What is the units digit of h(6)?
2
Let g(n) = 2*n - 4. Let u = -1 + 5. Let f be g(u). Suppose 3*c - 9 = -2*y, y - 3 = 4*c - f. What is the units digit of y?
3
Suppose 11*k = 9*k + 188. Suppose -5*v + 35 = 5*j, 0*j = -j + 3. Suppose 0 = v*o - k + 30. What is the units digit of o?
6
Let t(d) = -d**2 - 5*d - 4. Let r be t(-4). Suppose 0 = -3*k - r*k - 9. Let v = k - -5. What is the units digit of v?
2
Let j(q) = q**2 - 7. Let t = -12 + 17. What is the tens digit of j(t)?
1
Suppose -4 = -d, -d - 2*d = n - 14. Suppose i + 5*q = 30, -3*i - n*q + q + 76 = 0. What is the units digit of i?
5
Suppose 0 = -3*i - 6 + 3, 2*h - 1 = -3*i. Suppose -3*u = 2*v - 22, 0 = -5*u + h*v + 7 + 19. What is the units digit of u?
6
Let g(r) = r - 11. Let x be g(12). Let t(m) = 12*m**2. What is the tens digit of t(x)?
1
Let i(j) = -j**2 - 1. Let z(q) = 4*q**2 - 7*q + 5. Let x(o) = 5*i(o) + z(o). Let y be x(-7). Let d = 7 - y. What is the units digit of d?
7
Let s(p) = -p + p**2 - 6 + 0*p + 4*p. Let w(k) = -2*k**3 + 4*k**2 - 4*k + 3. Let z be w(2). What is the units digit of s(z)?
4
Suppose 13 = 2*h - 13. What is the tens digit of h?
1
Suppose 2*c + 2*c + 4*o = -16, o = -3. Let b(t) = 1 - 2 - t - 3*t. What is the units digit of b(c)?
3
Let l(g) = g**3 + 7*g**2 - 7*g + 10. What is the units digit of l(-8)?
2
Suppose -20 = -3*g + 8*g. Let v(f) = f**2 - 3*f + 3. What is the units digit of v(g)?
1
Let o = -19 - -53. Let g = 50 - o. What is the units digit of 12/g + 17/4?
5
Let p = 50 - 22. What is the units digit of p?
8
Let x = -258 + 498. What is the tens digit of x?
4
Suppose 4*t = -t + 15. Suppose -3*q = -4*r + 2, -2*r - t*r + 6 = -2*q. What is the units digit of r?
2
Let b = 29 - 38. Let y(m) = 0*m + 9*m**2 - m**3 + 2*m**3 - 11 - 3*m. What is the units digit of y(b)?
6
Let z(l) = 7*l**3 - 5*l**2 + 3*l + 2. What is the tens digit of z(4)?
8
Suppose 1 = -r - 5. Let m(d) = 2*d. Let i be m(-5). Let l = r - i. What is the units digit of l?
4
Let d(w) = w**3 + 5*w**2 + 6*w + 4. Let l be d(-4). Let a be l/2*5/(-2). Suppose 16 = f - 2*f + a*j, -4*f = 4*j - 32. What is the units digit of f?
4
Let h be (-15)/3*10/2. Let b = h + 48. Suppose -3 = 3*o - 5*u, -2*o - 3*u + b = 2*u. What is the units digit of o?
4
Suppose 4*p + z - 22 = 5, -5 = z. What is the units digit of p?
8
Let v(i) = i**3 + 4*i**2 - 7*i - 3. Let f(c) = -c**3 + 6*c**2 + 5*c + 9. Let q be f(7). What is the units digit of v(q)?
7
Let z = 5 + 86. What is the tens digit of z?
9
Let d = -13 - -24. Let k = d - 0. What is the units digit of k?
1
Suppose 416 = 8*a - 4*a. Suppose -4*w - 74 = -3*s, -s + 5*s - 4*w - a = 0. What is the units digit of s?
0
Let w(l) = 2*l**2 - 15*l + 7. Let g(a) = -a**2 + 7*a - 4. Let r(h) = 5*g(h) + 3*w(h). Let x = -47 - -58. What is the units digit of r(x)?
2
Let n = 324 - 162. What is the hundreds digit of n?
1
Let o(a) = -a**2 + 7*a - 5. Let f be o(4). Let d = f + -7. Suppose -5*v - 2 + 17 = d. What is the units digit of v?
3
Let m(f) = f**2 - 5*f + 6. What is the units digit of m(5)?
6
Let c(q) = -11*q + 1. Let k be c(-1). What is the tens digit of 27*(k/(-9) - -2)?
1
Let p be 2/6*0 + 0. Suppose -s - 3 + p = 0. What is the units digit of 39/12 - s/(-12)?
3
What is the units digit of 621/46*(-8)/(-6)?
8
Let t be (0 - 0)/2 + 4. Suppose -j = -4*p - p + 151, 132 = t*p + 2*j. What is the tens digit of p?
3
Suppose -5*c + 1015 + 620 = 4*y, -3*y = -3*c + 981. What is the hundreds digit of c?
3
Suppose -3 = -2*c + 5. Let i(y) = c*y**2 - 1 - 2*y**2 - y**3 + 3*y**2 - 6 + 9*y. What is the tens digit of i(6)?
1
Suppose -4*k - 22 = 14. Let h = 11 - k. What is the tens digit of h?
2
Let h(r) = -9*r - 6. What is the tens digit of h(-6)?
4
Let x(k) = -k**2 + k + 12. Let z be x(0). What is the tens digit of (-3)/12 + 291/z?
2
Suppose 3*u = 499 + 59. What is the tens digit of u?
8
Let q = -8 - -6. What is the units digit of 11 - (q/(-1))/(-2)?
2
Suppose 2*w = -3*w - a + 13, 8 = -2*w + 4*a. Suppose -w*t + 57 = 5. What is the units digit of t?
6
Let p(s) = s - 1. Let a be p(3). What is the units digit of (24/18)/(a/9)?
6
Let z = -6 - -18. What is the units digit of z?
2
Let a = 0 - -3. Let k(f) = -15*f - 10. Let u(y) = -5*y - 3. Let l(m) = a*k(m) - 8*u(m). What is the tens digit of l(-4)?
1
Let p = -6 + 18. What is the units digit of p?
2
Suppose -1 = d + 1. Let j = d + 3. What is the units digit of 9 + (2/(-2) - j)?
7
What is the tens digit of 201*1/12 - (-6)/(-8)?
1
Let t(v) = v**2 - 5*v + 2. Let q be t(6). Suppose -3*i + q + 1 = 0. Suppose -5*b + 3*f = -8, -i*b + f + 4 = -f. What is the units digit of b?
4
Let h(t) be the third derivative of t**5/60 + t**4/24 - t**3/3 + 2*t**2. Let j be h(2). Suppose 5*f = j*y - 4 - 12, 4*f = 0. What is the units digit of y?
4
Let c = 33 + -11. What is the units digit of c?
2
Let p(b) = -3*b. Let n(x) = 6*x + 1. Let t(f) = -3*n(f) - 5*p(f). What is the units digit of t(-3)?
6
Suppose -a = -0*a - 6. Let f = 5 + a. What is the units digit of f?
1
Let y(c) = -c**3 - 3*c**2 - 4*c - 2. Suppose -1 - 1 = z. Let b be y(z). What is the units digit of (2 - 6)/((-1)/b)?
8
Let a be 4/(8/(-14)) - -1. Let z(i) = i**3 + 5*i**2 - 6*i. Let m be z(a). Suppose m = 5*v + 15, -h + 2*v + 2*v = -20. What is the units digit of h?
8
Let c = 1 - -1. Let f be c + (-1 - (-1 - 1)). Suppose -9 = 2*x + 2*d - 31, f*x - 21 = 3*d. What is the units digit of x?
9
Let r(n) = 4*n**2 - 14*n - 3. What is the units digit of r(8)?
1
Let r = 17 + 3. What is the units digit of 15/(-2)*r/(-15)?
0
Suppose -4*g - 1 + 17 = 0. Suppose -g*n + 3*n = -22. What is the units digit of n?
2
Let m(p) = 5*p + 132. What is the hundreds digit of m(0)?
1
Let m = 5 - 3. Let v(s) = s - s**2 + 6*s**3 + 2*s**3 - 7*s**3 + 2. What is the units digit of v(m)?
8
Suppose -7*x - 69 + 356 = 0. What is the tens digit of x?
4
What is the units digit of (3/3)/(4/16)?
4
Let m be -4 - 1*(-2 - 0). Let h = m + 5. What is the units digit of (-81)/(-3)*1/h?
9
Let h = 16 + 83. What is the tens digit of h?
9
Let u(y) = -y**3 - 9*y**2 + 6*y + 23. What is the units digit of u(-10)?
3
What is the units digit of -1 + 6/(-3) - (-55)/5?
8
Let x = 13 - 17. Let r = -6 + 8. What is the units digit of (1/r)/((-2)/x)?
1
Suppose -21 = -5*z + 4*v, -3*z - 4*v = -2*z - 9. Let n(x) = -x**3 + 7*x**2 - 8*x - 1. What is the units digit of n(z)?
9
Let u(v) = -5*v**3 + 23*v**2 + 11*v + 7. Let z(j) = -3*j**3 + 12*j**2 + 5*j + 3. Let g(t) = -4*u(t) + 7*z(t). What is the units digit of g(-7)?
7
Suppose c - 5*c = 0. Suppose -w - l + 3*l + 6 = 0, c = -w + 5*l + 6. What is the units digit of w?
6
Let z(c) = -c - 5. Let o be z(-6). Let i be -2 + 2 + 3 + o. What is the units digit of 94/10 - i/10?
9
Let v(n) = -2*n**2 + 1. Let k be v(-1). What is the units digit of 38*(0 - k)/2?
9
Let m = 35 - 9. What is the tens digit of m?
2
Suppose -258 = -5*f + 22. What is the units digit of f?
6
Let i(f) be the first derivative of f**2/2 - 3*f + 2. Let j be i(9). What is the units digit of (-2)/j + (-30)/(-9)?
3
Suppose 0 = 17*z - 22*z + 320. What is the tens digit of z?
6
What is the hundreds digit of (209/57)/(2/114)?
2
Let d(c) be the first derivative of 6*c**2 - 10*c - 3. What is the units digit of d(4)?
8
Let s(c) = -14*c - 44. What is the hundreds digit of s(-13)?
1
Suppose b = -b + 118. What is the tens digit of (0 + b/3)*3?
5
Suppose -6*a - 12 = -3*a - 3*k, a + 3*k - 12 = 0. Let g be (0/(2 + a))/